[INFO] fetching crate wikibase 0.5.0...
[INFO] checking wikibase-0.5.0 against try#72f88fc4e9458f89516a0b8b0868f3718aec5b47 for pr-74989
[INFO] extracting crate wikibase 0.5.0 into /workspace/builds/worker-6/source
[INFO] validating manifest of crates.io crate wikibase 0.5.0 on toolchain 72f88fc4e9458f89516a0b8b0868f3718aec5b47
[INFO] running `Command { std: "/workspace/cargo-home/bin/cargo" "+72f88fc4e9458f89516a0b8b0868f3718aec5b47" "read-manifest" "--manifest-path" "Cargo.toml", kill_on_drop: false }`
[INFO] started tweaking crates.io crate wikibase 0.5.0
[INFO] finished tweaking crates.io crate wikibase 0.5.0
[INFO] tweaked toml for crates.io crate wikibase 0.5.0 written to /workspace/builds/worker-6/source/Cargo.toml
[INFO] running `Command { std: "/workspace/cargo-home/bin/cargo" "+72f88fc4e9458f89516a0b8b0868f3718aec5b47" "generate-lockfile" "--manifest-path" "Cargo.toml" "-Zno-index-update", kill_on_drop: false }`
[INFO] running `Command { std: "/workspace/cargo-home/bin/cargo" "+72f88fc4e9458f89516a0b8b0868f3718aec5b47" "fetch" "--locked" "--manifest-path" "Cargo.toml", kill_on_drop: false }`
[INFO] [stderr]     Blocking waiting for file lock on package cache
[INFO] [stderr]  Downloading crates ...
[INFO] [stderr]   Downloaded cookie_store v0.10.0
[INFO] [stderr]   Downloaded time v0.2.19
[INFO] [stderr]   Downloaded user_agent v0.9.0
[INFO] [stderr]   Downloaded mediawiki v0.1.28
[INFO] running `Command { std: "docker" "create" "-v" "/var/lib/crater-agent-workspace/builds/worker-6/target:/opt/rustwide/target:rw,Z" "-v" "/var/lib/crater-agent-workspace/builds/worker-6/source:/opt/rustwide/workdir:ro,Z" "-v" "/var/lib/crater-agent-workspace/cargo-home:/opt/rustwide/cargo-home:ro,Z" "-v" "/var/lib/crater-agent-workspace/rustup-home:/opt/rustwide/rustup-home:ro,Z" "-e" "SOURCE_DIR=/opt/rustwide/workdir" "-e" "CARGO_TARGET_DIR=/opt/rustwide/target" "-e" "CARGO_HOME=/opt/rustwide/cargo-home" "-e" "RUSTUP_HOME=/opt/rustwide/rustup-home" "-w" "/opt/rustwide/workdir" "-m" "1610612736" "--user" "0:0" "--network" "none" "rustops/crates-build-env@sha256:d92eaeed33fa75130ca1ee6c8a01d1ffb62bac859dfdfb3450e3e5d1c0146529" "/opt/rustwide/cargo-home/bin/cargo" "+72f88fc4e9458f89516a0b8b0868f3718aec5b47" "metadata" "--no-deps" "--format-version=1", kill_on_drop: false }`
[INFO] [stdout] f1ce0fa7e87114803e7730dcd5186182c97da307def390bf69b8b247086c933c
[INFO] [stderr] WARNING: Your kernel does not support swap limit capabilities or the cgroup is not mounted. Memory limited without swap.
[INFO] running `Command { std: "docker" "start" "-a" "f1ce0fa7e87114803e7730dcd5186182c97da307def390bf69b8b247086c933c", kill_on_drop: false }`
[INFO] running `Command { std: "docker" "inspect" "f1ce0fa7e87114803e7730dcd5186182c97da307def390bf69b8b247086c933c", kill_on_drop: false }`
[INFO] running `Command { std: "docker" "rm" "-f" "f1ce0fa7e87114803e7730dcd5186182c97da307def390bf69b8b247086c933c", kill_on_drop: false }`
[INFO] [stdout] f1ce0fa7e87114803e7730dcd5186182c97da307def390bf69b8b247086c933c
[INFO] running `Command { std: "docker" "create" "-v" "/var/lib/crater-agent-workspace/builds/worker-6/target:/opt/rustwide/target:rw,Z" "-v" "/var/lib/crater-agent-workspace/builds/worker-6/source:/opt/rustwide/workdir:ro,Z" "-v" "/var/lib/crater-agent-workspace/cargo-home:/opt/rustwide/cargo-home:ro,Z" "-v" "/var/lib/crater-agent-workspace/rustup-home:/opt/rustwide/rustup-home:ro,Z" "-e" "SOURCE_DIR=/opt/rustwide/workdir" "-e" "CARGO_TARGET_DIR=/opt/rustwide/target" "-e" "CARGO_INCREMENTAL=0" "-e" "RUST_BACKTRACE=full" "-e" "RUSTFLAGS=--cap-lints=forbid" "-e" "CARGO_HOME=/opt/rustwide/cargo-home" "-e" "RUSTUP_HOME=/opt/rustwide/rustup-home" "-w" "/opt/rustwide/workdir" "-m" "1610612736" "--user" "0:0" "--network" "none" "rustops/crates-build-env@sha256:d92eaeed33fa75130ca1ee6c8a01d1ffb62bac859dfdfb3450e3e5d1c0146529" "/opt/rustwide/cargo-home/bin/cargo" "+72f88fc4e9458f89516a0b8b0868f3718aec5b47" "check" "--frozen" "--all" "--all-targets" "--message-format=json", kill_on_drop: false }`
[INFO] [stdout] 1406ce9fa151cc375613944efdc2894e70414c79c070b3592016bbe5f5d01b3c
[INFO] [stderr] WARNING: Your kernel does not support swap limit capabilities or the cgroup is not mounted. Memory limited without swap.
[INFO] running `Command { std: "docker" "start" "-a" "1406ce9fa151cc375613944efdc2894e70414c79c070b3592016bbe5f5d01b3c", kill_on_drop: false }`
[INFO] [stderr]    Compiling autocfg v1.0.1
[INFO] [stderr]    Compiling proc-macro2 v1.0.21
[INFO] [stderr]    Compiling unicode-xid v0.2.1
[INFO] [stderr]    Compiling syn v1.0.40
[INFO] [stderr]    Compiling pkg-config v0.3.18
[INFO] [stderr]    Compiling cc v1.0.59
[INFO] [stderr]     Checking itoa v0.4.6
[INFO] [stderr]     Checking slab v0.4.2
[INFO] [stderr]    Compiling byteorder v1.3.4
[INFO] [stderr]     Checking futures v0.1.29
[INFO] [stderr]    Compiling maybe-uninit v2.0.0
[INFO] [stderr]    Compiling serde_derive v1.0.116
[INFO] [stderr]     Checking scopeguard v1.1.0
[INFO] [stderr]    Compiling serde v1.0.116
[INFO] [stderr]     Checking hashbrown v0.9.0
[INFO] [stderr]    Compiling openssl v0.10.30
[INFO] [stderr]     Checking foreign-types-shared v0.1.1
[INFO] [stderr]    Compiling httparse v1.3.4
[INFO] [stderr]     Checking futures-core v0.3.5
[INFO] [stderr]     Checking try-lock v0.2.3
[INFO] [stderr]     Checking bytes v0.5.6
[INFO] [stderr]     Checking openssl-probe v0.1.2
[INFO] [stderr]    Compiling pin-project-internal v0.4.23
[INFO] [stderr]    Compiling native-tls v0.2.4
[INFO] [stderr]     Checking adler v0.2.3
[INFO] [stderr]     Checking pin-project-lite v0.1.7
[INFO] [stderr]     Checking once_cell v1.4.1
[INFO] [stderr]     Checking gimli v0.22.0
[INFO] [stderr]     Checking futures-io v0.3.5
[INFO] [stderr]     Checking dtoa v0.4.6
[INFO] [stderr]     Checking pin-utils v0.1.0
[INFO] [stderr]     Checking object v0.20.0
[INFO] [stderr]     Checking futures-sink v0.3.5
[INFO] [stderr]     Checking rustc-demangle v0.1.16
[INFO] [stderr]    Compiling encoding_rs v0.8.24
[INFO] [stderr]    Compiling lexical-core v0.7.4
[INFO] [stderr]    Compiling proc-macro-hack v0.5.18
[INFO] [stderr]    Compiling const_fn v0.4.2
[INFO] [stderr]     Checking mime v0.3.16
[INFO] [stderr]     Checking tower-service v0.3.0
[INFO] [stderr]     Checking static_assertions v1.1.0
[INFO] [stderr]     Checking arrayvec v0.5.1
[INFO] [stderr]     Checking byte-tools v0.3.1
[INFO] [stderr]     Checking subtle v1.0.0
[INFO] [stderr]     Checking ipnet v2.3.0
[INFO] [stderr]     Checking fake-simd v0.1.2
[INFO] [stderr]    Compiling curl v0.4.33
[INFO] [stderr]     Checking opaque-debug v0.2.3
[INFO] [stderr]     Checking base64 v0.12.3
[INFO] [stderr]     Checking base64 v0.11.0
[INFO] [stderr]     Checking urlencoding v1.1.1
[INFO] [stderr]     Checking try_from v0.3.2
[INFO] [stderr]    Compiling standback v0.2.10
[INFO] [stderr]    Compiling error-chain v0.12.4
[INFO] [stderr]     Checking tracing-core v0.1.16
[INFO] [stderr]    Compiling time v0.2.19
[INFO] [stderr]    Compiling nom v5.1.2
[INFO] [stderr]     Checking lock_api v0.3.4
[INFO] [stderr]     Checking foreign-types v0.3.2
[INFO] [stderr]     Checking futures-channel v0.3.5
[INFO] [stderr]     Checking miniz_oxide v0.4.1
[INFO] [stderr]     Checking futures-task v0.3.5
[INFO] [stderr]     Checking http v0.2.1
[INFO] [stderr]     Checking block-padding v0.1.5
[INFO] [stderr]    Compiling crossbeam-utils v0.7.2
[INFO] [stderr]    Compiling indexmap v1.6.0
[INFO] [stderr]    Compiling memoffset v0.5.5
[INFO] [stderr]    Compiling crossbeam-epoch v0.8.2
[INFO] [stderr]    Compiling num-traits v0.2.12
[INFO] [stderr]     Checking idna v0.2.0
[INFO] [stderr]     Checking crc32fast v1.2.0
[INFO] [stderr]     Checking iovec v0.1.4
[INFO] [stderr]     Checking num_cpus v1.13.0
[INFO] [stderr]     Checking net2 v0.2.35
[INFO] [stderr]     Checking time v0.1.44
[INFO] [stderr]     Checking socket2 v0.3.15
[INFO] [stderr]     Checking rand_os v0.1.3
[INFO] [stderr]     Checking want v0.3.0
[INFO] [stderr]    Compiling unicase v2.6.0
[INFO] [stderr]     Checking tracing v0.1.19
[INFO] [stderr]     Checking generic-array v0.12.3
[INFO] [stderr]     Checking smallvec v0.6.13
[INFO] [stderr]     Checking bytes v0.4.12
[INFO] [stderr]     Checking base64 v0.10.1
[INFO] [stderr]     Checking flate2 v1.0.17
[INFO] [stderr]     Checking mio v0.6.22
[INFO] [stderr]     Checking rand v0.6.5
[INFO] [stderr]     Checking tokio-sync v0.1.8
[INFO] [stderr]     Checking futures-cpupool v0.1.8
[INFO] [stderr]     Checking want v0.2.0
[INFO] [stderr]     Checking cookie v0.12.0
[INFO] [stderr]    Compiling quote v1.0.7
[INFO] [stderr]    Compiling mime_guess v2.0.3
[INFO] [stderr]     Checking url v2.1.1
[INFO] [stderr]     Checking parking_lot_core v0.6.2
[INFO] [stderr]     Checking digest v0.8.1
[INFO] [stderr]     Checking crypto-mac v0.7.0
[INFO] [stderr]     Checking block-buffer v0.7.3
[INFO] [stderr]    Compiling openssl-sys v0.9.58
[INFO] [stderr]    Compiling libz-sys v1.1.2
[INFO] [stderr]    Compiling curl-sys v0.4.36+curl-7.71.1
[INFO] [stderr]     Checking tokio-io v0.1.13
[INFO] [stderr]     Checking http v0.1.21
[INFO] [stderr]     Checking tokio-buf v0.1.1
[INFO] [stderr]     Checking string v0.2.1
[INFO] [stderr]     Checking hmac v0.7.1
[INFO] [stderr]     Checking parking_lot v0.9.0
[INFO] [stderr]     Checking sha-1 v0.8.2
[INFO] [stderr]     Checking tokio v0.2.22
[INFO] [stderr]     Checking tokio-executor v0.1.10
[INFO] [stderr]     Checking crossbeam-queue v0.2.3
[INFO] [stderr]     Checking uuid v0.8.1
[INFO] [stderr]     Checking publicsuffix v1.5.4
[INFO] [stderr]     Checking uuid v0.7.4
[INFO] [stderr]     Checking http-body v0.3.1
[INFO] [stderr]     Checking num-traits v0.1.43
[INFO] [stderr]     Checking tokio-timer v0.2.13
[INFO] [stderr]     Checking tokio-current-thread v0.1.7
[INFO] [stderr]     Checking tokio-reactor v0.1.12
[INFO] [stderr]     Checking serde-hjson v0.9.1
[INFO] [stderr]     Checking addr2line v0.13.0
[INFO] [stderr]     Checking crossbeam-deque v0.7.3
[INFO] [stderr]     Checking tokio-threadpool v0.1.18
[INFO] [stderr]     Checking tokio-tcp v0.1.4
[INFO] [stderr]     Checking backtrace v0.3.50
[INFO] [stderr]     Checking tokio v0.1.22
[INFO] [stderr]     Checking http-body v0.1.0
[INFO] [stderr]     Checking h2 v0.1.26
[INFO] [stderr]     Checking tokio-util v0.3.1
[INFO] [stderr]     Checking tokio-tls v0.3.1
[INFO] [stderr]     Checking hyper v0.12.35
[INFO] [stderr]    Compiling synstructure v0.12.4
[INFO] [stderr]     Checking hyper-tls v0.3.2
[INFO] [stderr]    Compiling failure_derive v0.1.8
[INFO] [stderr]    Compiling time-macros-impl v0.1.1
[INFO] [stderr]     Checking time-macros v0.1.0
[INFO] [stderr]     Checking failure v0.1.8
[INFO] [stderr]     Checking pin-project v0.4.23
[INFO] [stderr]     Checking futures-util v0.3.5
[INFO] [stderr]     Checking cookie v0.13.3
[INFO] [stderr]     Checking h2 v0.2.6
[INFO] [stderr]     Checking hyper v0.13.7
[INFO] [stderr]     Checking serde_json v1.0.57
[INFO] [stderr]     Checking serde_urlencoded v0.5.5
[INFO] [stderr]     Checking toml v0.5.6
[INFO] [stderr]     Checking serde_urlencoded v0.6.1
[INFO] [stderr]     Checking cookie_store v0.7.0
[INFO] [stderr]     Checking cookie_store v0.10.0
[INFO] [stderr]     Checking config v0.10.1
[INFO] [stderr]     Checking reqwest v0.9.24
[INFO] [stderr]     Checking user_agent v0.9.0
[INFO] [stderr]     Checking hyper-tls v0.4.3
[INFO] [stderr]     Checking reqwest v0.10.8
[INFO] [stderr]     Checking mediawiki v0.1.28
[INFO] [stderr]     Checking wikibase v0.5.0 (/opt/rustwide/workdir)
[INFO] [stdout] warning: trait objects without an explicit `dyn` are deprecated
[INFO] [stdout]    --> src/entity.rs:223:29
[INFO] [stdout]     |
[INFO] [stdout] 223 |     pub fn inner(&self) -> &EntityTrait {
[INFO] [stdout]     |                             ^^^^^^^^^^^ help: use `dyn`: `dyn EntityTrait`
[INFO] [stdout]     |
[INFO] [stdout]     = note: `#[warn(bare_trait_objects)]` on by default
[INFO] [stdout] 
[INFO] [stdout] 
[INFO] [stdout] warning: trait objects without an explicit `dyn` are deprecated
[INFO] [stdout]    --> src/entity.rs:232:41
[INFO] [stdout]     |
[INFO] [stdout] 232 |     pub fn inner_mut(&mut self) -> &mut EntityTrait {
[INFO] [stdout]     |                                         ^^^^^^^^^^^ help: use `dyn`: `dyn EntityTrait`
[INFO] [stdout] 
[INFO] [stdout] 
[INFO] [stdout] warning: trait objects without an explicit `dyn` are deprecated
[INFO] [stdout]    --> src/entity.rs:223:29
[INFO] [stdout]     |
[INFO] [stdout] 223 |     pub fn inner(&self) -> &EntityTrait {
[INFO] [stdout]     |                             ^^^^^^^^^^^ help: use `dyn`: `dyn EntityTrait`
[INFO] [stdout]     |
[INFO] [stdout]     = note: `#[warn(bare_trait_objects)]` on by default
[INFO] [stdout] 
[INFO] [stdout] 
[INFO] [stdout] warning: trait objects without an explicit `dyn` are deprecated
[INFO] [stdout]    --> src/entity.rs:232:41
[INFO] [stdout]     |
[INFO] [stdout] 232 |     pub fn inner_mut(&mut self) -> &mut EntityTrait {
[INFO] [stdout]     |                                         ^^^^^^^^^^^ help: use `dyn`: `dyn EntityTrait`
[INFO] [stdout] 
[INFO] [stdout] 
[INFO] [stdout] warning: trait objects without an explicit `dyn` are deprecated
[INFO] [stdout]   --> src/entity_container.rs:35:25
[INFO] [stdout]    |
[INFO] [stdout] 35 |     ) -> Result<(), Box<::std::error::Error>> {
[INFO] [stdout]    |                         ^^^^^^^^^^^^^^^^^^^ help: use `dyn`: `dyn (::std::error::Error)`
[INFO] [stdout] 
[INFO] [stdout] 
[INFO] [stdout] warning: trait objects without an explicit `dyn` are deprecated
[INFO] [stdout]   --> src/entity_container.rs:35:25
[INFO] [stdout]    |
[INFO] [stdout] 35 |     ) -> Result<(), Box<::std::error::Error>> {
[INFO] [stdout]    |                         ^^^^^^^^^^^^^^^^^^^ help: use `dyn`: `dyn (::std::error::Error)`
[INFO] [stdout] 
[INFO] [stdout] 
[INFO] [stdout] warning: trait objects without an explicit `dyn` are deprecated
[INFO] [stdout]   --> src/entity_container.rs:67:25
[INFO] [stdout]    |
[INFO] [stdout] 67 |     ) -> Result<(), Box<::std::error::Error>> {
[INFO] [stdout]    |                         ^^^^^^^^^^^^^^^^^^^ help: use `dyn`: `dyn (::std::error::Error)`
[INFO] [stdout] 
[INFO] [stdout] 
[INFO] [stdout] warning: trait objects without an explicit `dyn` are deprecated
[INFO] [stdout]    --> src/entity_container.rs:181:25
[INFO] [stdout]     |
[INFO] [stdout] 181 |     ) -> Result<(), Box<::std::error::Error>> {
[INFO] [stdout]     |                         ^^^^^^^^^^^^^^^^^^^ help: use `dyn`: `dyn (::std::error::Error)`
[INFO] [stdout] 
[INFO] [stdout] 
[INFO] [stdout] warning: trait objects without an explicit `dyn` are deprecated
[INFO] [stdout]    --> src/entity_container.rs:280:25
[INFO] [stdout]     |
[INFO] [stdout] 280 |     ) -> Result<(), Box<::std::error::Error>> {
[INFO] [stdout]     |                         ^^^^^^^^^^^^^^^^^^^ help: use `dyn`: `dyn (::std::error::Error)`
[INFO] [stdout] 
[INFO] [stdout] 
[INFO] [stdout] warning: trait objects without an explicit `dyn` are deprecated
[INFO] [stdout]    --> src/entity_container.rs:306:30
[INFO] [stdout]     |
[INFO] [stdout] 306 |     ) -> Result<&Entity, Box<::std::error::Error>> {
[INFO] [stdout]     |                              ^^^^^^^^^^^^^^^^^^^ help: use `dyn`: `dyn (::std::error::Error)`
[INFO] [stdout] 
[INFO] [stdout] 
[INFO] [stdout] warning: trait objects without an explicit `dyn` are deprecated
[INFO] [stdout]   --> src/entity_container.rs:67:25
[INFO] [stdout]    |
[INFO] [stdout] 67 |     ) -> Result<(), Box<::std::error::Error>> {
[INFO] [stdout]    |                         ^^^^^^^^^^^^^^^^^^^ help: use `dyn`: `dyn (::std::error::Error)`
[INFO] [stdout] 
[INFO] [stdout] 
[INFO] [stdout] warning: trait objects without an explicit `dyn` are deprecated
[INFO] [stdout]    --> src/entity_container.rs:350:25
[INFO] [stdout]     |
[INFO] [stdout] 350 |     ) -> Result<(), Box<::std::error::Error>> {
[INFO] [stdout]     |                         ^^^^^^^^^^^^^^^^^^^ help: use `dyn`: `dyn (::std::error::Error)`
[INFO] [stdout] 
[INFO] [stdout] 
[INFO] [stdout] warning: trait objects without an explicit `dyn` are deprecated
[INFO] [stdout]    --> src/entity_diff.rs:740:40
[INFO] [stdout]     |
[INFO] [stdout] 740 |     ) -> Result<serde_json::Value, Box<::std::error::Error>> {
[INFO] [stdout]     |                                        ^^^^^^^^^^^^^^^^^^^ help: use `dyn`: `dyn (::std::error::Error)`
[INFO] [stdout] 
[INFO] [stdout] 
[INFO] [stdout] warning: trait objects without an explicit `dyn` are deprecated
[INFO] [stdout]    --> src/entity_container.rs:181:25
[INFO] [stdout]     |
[INFO] [stdout] 181 |     ) -> Result<(), Box<::std::error::Error>> {
[INFO] [stdout]     |                         ^^^^^^^^^^^^^^^^^^^ help: use `dyn`: `dyn (::std::error::Error)`
[INFO] [stdout] 
[INFO] [stdout] 
[INFO] [stdout] warning: trait objects without an explicit `dyn` are deprecated
[INFO] [stdout]    --> src/entity_container.rs:280:25
[INFO] [stdout]     |
[INFO] [stdout] 280 |     ) -> Result<(), Box<::std::error::Error>> {
[INFO] [stdout]     |                         ^^^^^^^^^^^^^^^^^^^ help: use `dyn`: `dyn (::std::error::Error)`
[INFO] [stdout] 
[INFO] [stdout] 
[INFO] [stdout] warning: trait objects without an explicit `dyn` are deprecated
[INFO] [stdout]    --> src/entity_container.rs:306:30
[INFO] [stdout]     |
[INFO] [stdout] 306 |     ) -> Result<&Entity, Box<::std::error::Error>> {
[INFO] [stdout]     |                              ^^^^^^^^^^^^^^^^^^^ help: use `dyn`: `dyn (::std::error::Error)`
[INFO] [stdout] 
[INFO] [stdout] 
[INFO] [stdout] warning: trait objects without an explicit `dyn` are deprecated
[INFO] [stdout]    --> src/entity_container.rs:350:25
[INFO] [stdout]     |
[INFO] [stdout] 350 |     ) -> Result<(), Box<::std::error::Error>> {
[INFO] [stdout]     |                         ^^^^^^^^^^^^^^^^^^^ help: use `dyn`: `dyn (::std::error::Error)`
[INFO] [stdout] 
[INFO] [stdout] 
[INFO] [stdout] warning: trait objects without an explicit `dyn` are deprecated
[INFO] [stdout]    --> src/entity_diff.rs:740:40
[INFO] [stdout]     |
[INFO] [stdout] 740 |     ) -> Result<serde_json::Value, Box<::std::error::Error>> {
[INFO] [stdout]     |                                        ^^^^^^^^^^^^^^^^^^^ help: use `dyn`: `dyn (::std::error::Error)`
[INFO] [stdout] 
[INFO] [stdout] 
[INFO] [stdout] error[E0308]: mismatched types
[INFO] [stdout]    --> src/entity_container.rs:234:17
[INFO] [stdout]     |
[INFO] [stdout] 234 |                 Ok(response) => response,
[INFO] [stdout]     |                 ^^^^^^^^^^^^ expected opaque type, found enum `std::result::Result`
[INFO] [stdout]     | 
[INFO] [stdout]    ::: /opt/rustwide/cargo-home/registry/src/github.com-1ecc6299db9ec823/reqwest-0.10.8/src/lib.rs:248:41
[INFO] [stdout]     |
[INFO] [stdout] 248 | pub async fn get<T: IntoUrl>(url: T) -> crate::Result<Response> {
[INFO] [stdout]     |                                         ----------------------- the `Output` of this `async fn`'s expected opaque type
[INFO] [stdout]     |
[INFO] [stdout]     = note: expected opaque type `impl Future`
[INFO] [stdout]                       found enum `std::result::Result<_, _>`
[INFO] [stdout] 
[INFO] [stdout] 
[INFO] [stdout] error[E0308]: mismatched types
[INFO] [stdout]    --> src/entity_container.rs:235:17
[INFO] [stdout]     |
[INFO] [stdout] 235 |                 Err(e) => {
[INFO] [stdout]     |                 ^^^^^^ expected opaque type, found enum `std::result::Result`
[INFO] [stdout]     | 
[INFO] [stdout]    ::: /opt/rustwide/cargo-home/registry/src/github.com-1ecc6299db9ec823/reqwest-0.10.8/src/lib.rs:248:41
[INFO] [stdout]     |
[INFO] [stdout] 248 | pub async fn get<T: IntoUrl>(url: T) -> crate::Result<Response> {
[INFO] [stdout]     |                                         ----------------------- the `Output` of this `async fn`'s expected opaque type
[INFO] [stdout]     |
[INFO] [stdout]     = note: expected opaque type `impl Future`
[INFO] [stdout]                       found enum `std::result::Result<_, _>`
[INFO] [stdout] 
[INFO] [stdout] 
[INFO] [stdout] error[E0308]: mismatched types
[INFO] [stdout]    --> src/entity_container.rs:234:17
[INFO] [stdout]     |
[INFO] [stdout] 234 |                 Ok(response) => response,
[INFO] [stdout]     |                 ^^^^^^^^^^^^ expected opaque type, found enum `std::result::Result`
[INFO] [stdout]     | 
[INFO] [stdout]    ::: /opt/rustwide/cargo-home/registry/src/github.com-1ecc6299db9ec823/reqwest-0.10.8/src/lib.rs:248:41
[INFO] [stdout]     |
[INFO] [stdout] 248 | pub async fn get<T: IntoUrl>(url: T) -> crate::Result<Response> {
[INFO] [stdout]     |                                         ----------------------- the `Output` of this `async fn`'s expected opaque type
[INFO] [stdout]     |
[INFO] [stdout]     = note: expected opaque type `impl Future`
[INFO] [stdout]                       found enum `std::result::Result<_, _>`
[INFO] [stdout] 
[INFO] [stdout] 
[INFO] [stdout] error[E0308]: mismatched types
[INFO] [stdout]    --> src/entity_container.rs:235:17
[INFO] [stdout]     |
[INFO] [stdout] 235 |                 Err(e) => {
[INFO] [stdout]     |                 ^^^^^^ expected opaque type, found enum `std::result::Result`
[INFO] [stdout]     | 
[INFO] [stdout]    ::: /opt/rustwide/cargo-home/registry/src/github.com-1ecc6299db9ec823/reqwest-0.10.8/src/lib.rs:248:41
[INFO] [stdout]     |
[INFO] [stdout] 248 | pub async fn get<T: IntoUrl>(url: T) -> crate::Result<Response> {
[INFO] [stdout]     |                                         ----------------------- the `Output` of this `async fn`'s expected opaque type
[INFO] [stdout]     |
[INFO] [stdout]     = note: expected opaque type `impl Future`
[INFO] [stdout]                       found enum `std::result::Result<_, _>`
[INFO] [stdout] 
[INFO] [stdout] 
[INFO] [stdout] warning: use of deprecated associated function `std::error::Error::description`: use the Display impl or to_string()
[INFO] [stdout]   --> src/value.rs:91:31
[INFO] [stdout]    |
[INFO] [stdout] 91 |                         error.description().to_string(),
[INFO] [stdout]    |                               ^^^^^^^^^^^
[INFO] [stdout]    |
[INFO] [stdout]    = note: `#[warn(deprecated)]` on by default
[INFO] [stdout] 
[INFO] [stdout] 
[INFO] [stdout] error: aborting due to 2 previous errors; 10 warnings emitted
[INFO] [stdout] 
[INFO] [stdout] 
[INFO] [stdout] For more information about this error, try `rustc --explain E0308`.
[INFO] [stdout] 
[INFO] [stderr] error: could not compile `wikibase`.
[INFO] [stderr] 
[INFO] [stderr] To learn more, run the command again with --verbose.
[INFO] [stderr] warning: build failed, waiting for other jobs to finish...
[INFO] [stdout] warning: use of deprecated associated function `std::error::Error::description`: use the Display impl or to_string()
[INFO] [stdout]   --> src/value.rs:91:31
[INFO] [stdout]    |
[INFO] [stdout] 91 |                         error.description().to_string(),
[INFO] [stdout]    |                               ^^^^^^^^^^^
[INFO] [stdout]    |
[INFO] [stdout]    = note: `#[warn(deprecated)]` on by default
[INFO] [stdout] 
[INFO] [stdout] 
[INFO] [stdout] error: aborting due to 2 previous errors; 10 warnings emitted
[INFO] [stdout] 
[INFO] [stdout] 
[INFO] [stdout] For more information about this error, try `rustc --explain E0308`.
[INFO] [stdout] 
[INFO] [stderr] error: build failed
[INFO] running `Command { std: "docker" "inspect" "1406ce9fa151cc375613944efdc2894e70414c79c070b3592016bbe5f5d01b3c", kill_on_drop: false }`
[INFO] running `Command { std: "docker" "rm" "-f" "1406ce9fa151cc375613944efdc2894e70414c79c070b3592016bbe5f5d01b3c", kill_on_drop: false }`
[INFO] [stdout] 1406ce9fa151cc375613944efdc2894e70414c79c070b3592016bbe5f5d01b3c
